{"id":15815,"date":"2017-11-18T14:30:40","date_gmt":"2017-11-18T16:30:40","guid":{"rendered":"http:\/\/pacific-excellence.com.br\/?page_id=15815"},"modified":"2022-03-29T13:08:58","modified_gmt":"2022-03-29T15:08:58","slug":"cftv","status":"publish","type":"page","link":"https:\/\/pacific-excellence.com.br\/?page_id=15815","title":{"rendered":"Circuito de C\u00e2meras (CFTV)"},"content":{"rendered":"<p>[vc_row][vc_column][vc_column_text]O que antes era um item opcional, hoje se tornou quase que obrigat\u00f3rio para se obter seguran\u00e7a e produtividade.<\/p>\r\n<p><strong>NO SEU NEG\u00d3CIO \u2013 SEGURAN\u00c7A<\/strong><br \/>Em um cen\u00e1rio em que ano ap\u00f3s ano, assaltos e furtos a estabelecimentos comerciais aumentam, o CFTV \u00e9 a ferramenta mais barata e eficiente para inibir a\u00e7\u00f5es criminosas e identificar poss\u00edveis criminosos, trazendo seguran\u00e7a ao seu neg\u00f3cio e a seus funcion\u00e1rios<\/p>\r\n<p><strong>NO SEU NEG\u00d3CIO \u2013 PRODUTIVIDADE<\/strong><br \/>Al\u00e9m do quesito seguran\u00e7a, o CFTV pode ser utilizado como ferramenta para monitoramento de caixa, controle de funcion\u00e1rios, monitoramento de abertura e fechamento de lojas, traduzindo isso em produtividade, qualidade da opera\u00e7\u00e3o e, consequentemente, aumento do lucro e redu\u00e7\u00e3o da perda.<\/p>\r\n<p><strong>EM SEU CONDOM\u00cdNIO<\/strong><br \/>Assim como os assaltos e furtos em estabelecimentos comerciais crescem anualmente, os assaltos a resid\u00eancias e sequestros rel\u00e2mpago tornaram-se pr\u00e1ticas criminosas frequentes nos dias atuais. O que traduz uma falta de seguran\u00e7a generalizada, n\u00e3o atingindo mais apenas o setor comercial. Por isso \u00e9 de tamanha import\u00e2ncia um monitoramento interno de c\u00e2meras, e o Circuito de C\u00e2meras (CFTV) se apresenta com melhor custo-benef\u00edcio para manter voc\u00ea e quem voc\u00ea ama em seguran\u00e7a.<\/p>\r\n<p><strong>NA PALMA DA SUA M\u00c3O<\/strong><br \/>Al\u00e9m do j\u00e1 convencional acompanhamento de suas c\u00e2meras atrav\u00e9s de qualquer computador conectado \u00e0 internet, tamb\u00e9m \u00e9 poss\u00edvel acompanhar suas c\u00e2meras na tela de seu celular, atrav\u00e9s de APP dos pr\u00f3prios fabricantes.<\/p>\r\n<p><strong>NOSSOS SERVI\u00c7OS<\/strong><br \/>\u2013 Loca\u00e7\u00e3o de Circuito de C\u00e2meras<br \/>\u2013 Contrato de Manuten\u00e7\u00e3o<\/p>\r\n<p><strong>POR QUE ALUGAR AO INV\u00c9S DE COMPRAR UM CIRCUITO DE C\u00c2MERAS?<\/strong><\/p>\r\n<p>Com certeza a principal vantagem de alugar circuito de c\u00e2meras \u00e9 o seu excelente custo-benef\u00edcio. Por uma parcela mensal muito baixa voc\u00ea recebe n\u00e3o s\u00f3 a instala\u00e7\u00e3o completa de todo o circuito de c\u00e2meras (CFTV), mas tamb\u00e9m assist\u00eancia t\u00e9cnica, manuten\u00e7\u00e3o, treinamento de funcion\u00e1rio, suporte e atendimento profissional, atualiza\u00e7\u00e3o dos softwares e substitui\u00e7\u00e3o de pe\u00e7as\/equipamentos defeituosos.<\/p>\r\n<p>Al\u00e9m disso, a Pacific Excellence desenvolve projetos para o sistema de c\u00e2meras. Os pontos estrat\u00e9gicos de instala\u00e7\u00e3o e aplica\u00e7\u00e3o s\u00e3o cuidadosamente analisados pelos nossos t\u00e9cnicos de acordo com a necessidade de cada cliente. Portanto, al\u00e9m de ser mais acess\u00edvel do que comprar, ao alugar o circuito de c\u00e2meras voc\u00ea contar\u00e1 com todo o apoio de uma equipe t\u00e9cnica especializada para cuidar exclusivamente dos seus equipamentos.<\/p>\r\n<p>H\u00e1 muitas desvantagens em comprar c\u00e2meras de seguran\u00e7a, e a primeira delas \u00e9 o valor. Al\u00e9m do custo de implementa\u00e7\u00e3o de bons equipamentos para montar um Circuito Fechado de Televis\u00e3o completo ser bastante oneroso, o usu\u00e1rio precisa ter em mente os custos extras com manuten\u00e7\u00e3o e troca de equipamentos ultrapassados (upgrade). E mais, a instala\u00e7\u00e3o de um Circuito de C\u00e2meras feito por pessoas que n\u00e3o sejam profissionais pode gerar contratempos: al\u00e9m de ser uma instala\u00e7\u00e3o ainda mais demorada, n\u00e3o \u00e9 t\u00e3o efetiva, uma vez que somente um profissional treinado desenvolver\u00e1 um planejamento espec\u00edfico de instala\u00e7\u00e3o do equipamento em pontos estrat\u00e9gicos do seu neg\u00f3cio\/condom\u00ednio.[\/vc_column_text][\/vc_column][\/vc_row]<\/p>\r\n\r\n<p><strong>Solicite j\u00e1 um or\u00e7amento atrav\u00e9s de <a href=\"mailto:contato@pacific-excellence.com.br\">contato@pacific-excellence.com.br<\/a><\/strong><\/p>\r\n","protected":false},"excerpt":{"rendered":"<p>[vc_row][vc_column][vc_column_text]O que antes era um item opcional, hoje se tornou quase que obrigat\u00f3rio para se obter seguran\u00e7a e produtividade. NO SEU NEG\u00d3CIO \u2013 SEGURAN\u00c7AEm um cen\u00e1rio em que ano ap\u00f3s ano, assaltos e furtos a estabelecimentos comerciais aumentam, o CFTV \u00e9 a ferramenta mais barata e eficiente para inibir a\u00e7\u00f5es criminosas e identificar poss\u00edveis criminosos, [&hellip;]<\/p>\n","protected":false},"author":1,"featured_media":0,"parent":0,"menu_order":0,"comment_status":"closed","ping_status":"closed","template":"","meta":{"footnotes":""},"class_list":["post-15815","page","type-page","status-publish","hentry"],"yoast_head":"<!-- This site is optimized with the Yoast SEO plugin v27.3 - https:\/\/yoast.com\/product\/yoast-seo-wordpress\/ -->\n<title>Circuito de C\u00e2meras (CFTV) - Pacific Excellence<\/title>\n<meta name=\"robots\" content=\"index, follow, max-snippet:-1, max-image-preview:large, max-video-preview:-1\" \/>\n<link rel=\"canonical\" href=\"https:\/\/pacific-excellence.com.br\/?page_id=15815\" \/>\n<meta property=\"og:locale\" content=\"pt_BR\" \/>\n<meta property=\"og:type\" content=\"article\" \/>\n<meta property=\"og:title\" content=\"Circuito de C\u00e2meras (CFTV) - Pacific Excellence\" \/>\n<meta property=\"og:description\" content=\"[vc_row][vc_column][vc_column_text]O que antes era um item opcional, hoje se tornou quase que obrigat\u00f3rio para se obter seguran\u00e7a e produtividade. NO SEU NEG\u00d3CIO \u2013 SEGURAN\u00c7AEm um cen\u00e1rio em que ano ap\u00f3s ano, assaltos e furtos a estabelecimentos comerciais aumentam, o CFTV \u00e9 a ferramenta mais barata e eficiente para inibir a\u00e7\u00f5es criminosas e identificar poss\u00edveis criminosos, [&hellip;]\" \/>\n<meta property=\"og:url\" content=\"https:\/\/pacific-excellence.com.br\/?page_id=15815\" \/>\n<meta property=\"og:site_name\" content=\"Pacific Excellence\" \/>\n<meta property=\"article:modified_time\" content=\"2022-03-29T15:08:58+00:00\" \/>\n<meta name=\"twitter:card\" content=\"summary_large_image\" \/>\n<meta name=\"twitter:label1\" content=\"Est. tempo de leitura\" \/>\n\t<meta name=\"twitter:data1\" content=\"3 minutos\" \/>\n<script type=\"application\/ld+json\" class=\"yoast-schema-graph\">{\"@context\":\"https:\\\/\\\/schema.org\",\"@graph\":[{\"@type\":\"WebPage\",\"@id\":\"https:\\\/\\\/pacific-excellence.com.br\\\/?page_id=15815\",\"url\":\"https:\\\/\\\/pacific-excellence.com.br\\\/?page_id=15815\",\"name\":\"Circuito de C\u00e2meras (CFTV) - Pacific Excellence\",\"isPartOf\":{\"@id\":\"https:\\\/\\\/pacific-excellence.com.br\\\/#website\"},\"datePublished\":\"2017-11-18T16:30:40+00:00\",\"dateModified\":\"2022-03-29T15:08:58+00:00\",\"breadcrumb\":{\"@id\":\"https:\\\/\\\/pacific-excellence.com.br\\\/?page_id=15815#breadcrumb\"},\"inLanguage\":\"pt-BR\",\"potentialAction\":[{\"@type\":\"ReadAction\",\"target\":[\"https:\\\/\\\/pacific-excellence.com.br\\\/?page_id=15815\"]}]},{\"@type\":\"BreadcrumbList\",\"@id\":\"https:\\\/\\\/pacific-excellence.com.br\\\/?page_id=15815#breadcrumb\",\"itemListElement\":[{\"@type\":\"ListItem\",\"position\":1,\"name\":\"In\u00edcio\",\"item\":\"https:\\\/\\\/pacific-excellence.com.br\\\/\"},{\"@type\":\"ListItem\",\"position\":2,\"name\":\"Circuito de C\u00e2meras (CFTV)\"}]},{\"@type\":\"WebSite\",\"@id\":\"https:\\\/\\\/pacific-excellence.com.br\\\/#website\",\"url\":\"https:\\\/\\\/pacific-excellence.com.br\\\/\",\"name\":\"Pacific Excellence\",\"description\":\"Excel\u00eancia em TI e Impress\u00e3o.\",\"potentialAction\":[{\"@type\":\"SearchAction\",\"target\":{\"@type\":\"EntryPoint\",\"urlTemplate\":\"https:\\\/\\\/pacific-excellence.com.br\\\/?s={search_term_string}\"},\"query-input\":{\"@type\":\"PropertyValueSpecification\",\"valueRequired\":true,\"valueName\":\"search_term_string\"}}],\"inLanguage\":\"pt-BR\"}]}<\/script>\n<!-- \/ Yoast SEO plugin. -->","yoast_head_json":{"title":"Circuito de C\u00e2meras (CFTV) - Pacific Excellence","robots":{"index":"index","follow":"follow","max-snippet":"max-snippet:-1","max-image-preview":"max-image-preview:large","max-video-preview":"max-video-preview:-1"},"canonical":"https:\/\/pacific-excellence.com.br\/?page_id=15815","og_locale":"pt_BR","og_type":"article","og_title":"Circuito de C\u00e2meras (CFTV) - Pacific Excellence","og_description":"[vc_row][vc_column][vc_column_text]O que antes era um item opcional, hoje se tornou quase que obrigat\u00f3rio para se obter seguran\u00e7a e produtividade. NO SEU NEG\u00d3CIO \u2013 SEGURAN\u00c7AEm um cen\u00e1rio em que ano ap\u00f3s ano, assaltos e furtos a estabelecimentos comerciais aumentam, o CFTV \u00e9 a ferramenta mais barata e eficiente para inibir a\u00e7\u00f5es criminosas e identificar poss\u00edveis criminosos, [&hellip;]","og_url":"https:\/\/pacific-excellence.com.br\/?page_id=15815","og_site_name":"Pacific Excellence","article_modified_time":"2022-03-29T15:08:58+00:00","twitter_card":"summary_large_image","twitter_misc":{"Est. tempo de leitura":"3 minutos"},"schema":{"@context":"https:\/\/schema.org","@graph":[{"@type":"WebPage","@id":"https:\/\/pacific-excellence.com.br\/?page_id=15815","url":"https:\/\/pacific-excellence.com.br\/?page_id=15815","name":"Circuito de C\u00e2meras (CFTV) - Pacific Excellence","isPartOf":{"@id":"https:\/\/pacific-excellence.com.br\/#website"},"datePublished":"2017-11-18T16:30:40+00:00","dateModified":"2022-03-29T15:08:58+00:00","breadcrumb":{"@id":"https:\/\/pacific-excellence.com.br\/?page_id=15815#breadcrumb"},"inLanguage":"pt-BR","potentialAction":[{"@type":"ReadAction","target":["https:\/\/pacific-excellence.com.br\/?page_id=15815"]}]},{"@type":"BreadcrumbList","@id":"https:\/\/pacific-excellence.com.br\/?page_id=15815#breadcrumb","itemListElement":[{"@type":"ListItem","position":1,"name":"In\u00edcio","item":"https:\/\/pacific-excellence.com.br\/"},{"@type":"ListItem","position":2,"name":"Circuito de C\u00e2meras (CFTV)"}]},{"@type":"WebSite","@id":"https:\/\/pacific-excellence.com.br\/#website","url":"https:\/\/pacific-excellence.com.br\/","name":"Pacific Excellence","description":"Excel\u00eancia em TI e Impress\u00e3o.","potentialAction":[{"@type":"SearchAction","target":{"@type":"EntryPoint","urlTemplate":"https:\/\/pacific-excellence.com.br\/?s={search_term_string}"},"query-input":{"@type":"PropertyValueSpecification","valueRequired":true,"valueName":"search_term_string"}}],"inLanguage":"pt-BR"}]}},"_links":{"self":[{"href":"https:\/\/pacific-excellence.com.br\/index.php?rest_route=\/wp\/v2\/pages\/15815","targetHints":{"allow":["GET"]}}],"collection":[{"href":"https:\/\/pacific-excellence.com.br\/index.php?rest_route=\/wp\/v2\/pages"}],"about":[{"href":"https:\/\/pacific-excellence.com.br\/index.php?rest_route=\/wp\/v2\/types\/page"}],"author":[{"embeddable":true,"href":"https:\/\/pacific-excellence.com.br\/index.php?rest_route=\/wp\/v2\/users\/1"}],"replies":[{"embeddable":true,"href":"https:\/\/pacific-excellence.com.br\/index.php?rest_route=%2Fwp%2Fv2%2Fcomments&post=15815"}],"version-history":[{"count":7,"href":"https:\/\/pacific-excellence.com.br\/index.php?rest_route=\/wp\/v2\/pages\/15815\/revisions"}],"predecessor-version":[{"id":16119,"href":"https:\/\/pacific-excellence.com.br\/index.php?rest_route=\/wp\/v2\/pages\/15815\/revisions\/16119"}],"wp:attachment":[{"href":"https:\/\/pacific-excellence.com.br\/index.php?rest_route=%2Fwp%2Fv2%2Fmedia&parent=15815"}],"curies":[{"name":"wp","href":"https:\/\/api.w.org\/{rel}","templated":true}]}}